ate 1 + -16 + (54 + 24 - 42).
21
Calculate 19 - ((2 - -1) + 120 + -116).
12
Evaluate 4 - (52 + -64 - (1 - -6)).
23
Calculate (-8 - -11 - (-2 + -3 + 6)) + 17.
19
Calculate (-25 - 15) + 58 + -2 + -18.
-2
What is 13 + 1 - (-11 - -16) - -8?
17
5 + -43 - (0 - 28)
-10
Evaluate 0 + -4 + 3 + 176 + -167.
8
Evaluate 0 + 13 - (-13 + 51 + -27).
2
-11 + 4 + 48 + -32 + -37
-28
Calculate -10 + 1 + -4 + 19.
6
Calculate (-29 - (-15 + 3)) + 4.
-13
What is the value of 4 - (-10 + 19 + 2 + -34)?
27
What is the value of 37 - ((-2 - -16) + 0 + -4)?
27
Calculate 6 + -16 + -1 + (21 - 9).
1
Calculate (-13 - -10) + -16 + 12 + 6.
-1
What is the value of -2 + (6 - (5 + 1)) + -3 + -22?
-27
What is 3 + (-24 - (3 - 15))?
-9
What is -10 + (8 - 3) + (-11 - -7)?
-9
What is the value of (70 - 49) + 1 + 1?
23
What is (-34 - -38) + (-9 - -9) + -3 + -1?
0
What is 8 - (7 + -5) - 15?
-9
Evaluate 1 - (2 + -2) - (10 - 11) - -5.
7
14 + -1 + 12 + -37
-12
Evaluate 0 + 9 + -5 + 25.
29
Evaluate 16 + -14 + -7 - (7 + 1).
-13
(0 - -38) + -57 + (105 - 55)
31
What is the value of -12 + -2 - 17 - -32?
1
Evaluate (3 - (3 - 0)) + -7 + (9 - 11).
-9
What is -5 + 10 + (18 - 16)?
7
Evaluate (8 - (-5 + 7)) + (-1 - (6 - 2)).
1
Evaluate (-22 - (8 + -53)) + -9.
14
What is the value of (-33 - 1) + (164 - 166) + -5?
-41
0 + (9 - 0) + 611 + -621
-1
17 + -26 + 52 + -21
22
What is the value of -4 + -2 - 1 - (33 - 32)?
-8
(-5 - -1) + (16 - 8) + -5
-1
What is 2 - -30 - (46 + 0 + -40)?
26
What is 2 - ((-8 - -1) + 6 - -8 - -1)?
-6
Calculate 44 - 26 - (-5 - 8).
31
Evaluate -6 + -4 + -3 + (7 - (0 + 5)).
-11
What is the value of 0 - (-2 + 3) - (-17 + 25)?
-9
Evaluate -199 - -188 - ((1 - 8) + (-1 - -4)).
-7
What is the value of (1 + -1 - -19) + (-19 - -10) + 1?
11
-10 + 5 + (-1 - -10)
4
8 + -1 + (2 - -3) + -5
7
What is 16 + 0 + (-1 + 2 - 7 - -5)?
15
20 + 29 + -13 + -24
12
Calculate -2 + -16 - (-4 + (5 - 14) + 8).
-13
Calculate (38 - 33 - (-1 + 0) - -1) + -15.
-8
Calculate -1 + 2 + (-21 + 0 - (101 - 146)).
25
Evaluate -34 + (26 - (-12 - -24)).
-20
(-90 - -78) + (-1 - -25) - 25
-13
Evaluate (7 - 31 - -11) + -20 + 5.
-28
Evaluate -10 - (98 - 104 - (1 + 6)).
3
Evaluate 36 + (8 - (3 - -28)).
13
What is (32 - 9) + 1 + 1 + -11?
14
Evaluate 3 + -4 - (11 - 6 - 2).
-4
What is the value of 0 + 2 + 1 + 6 + (-11 - -5)?
3
(5 - 4 - 4) + -1 + (0 - -8)
4
Evaluate 0 - (-7 + 3 + -10 + 9).
5
Calculate (-100 - -94) + (1 - (-1 - -3)) + -5.
-12
What is (1 + 3 - (378 - 369)) + 0?
-5
Calculate -6 + (8 + -10 - 6).
-14
15 - (-3 - -8) - (-3 + 13)
0
10 + 14 + (-7 - 37)
-20
Calculate 0 + 1 + (3 - -7) + (-889 - -881).
3
Calculate 8 + -2 + 3 - ((4 - 4) + 2).
7
10 - (30 - 13 - 4)
-3
Calculate -4 + 17 - (-22 - -26).
9
0 + 5 + (-2 - (-1 + 1)) + -2
1
What is the value of 31 + -2 - (-51 - -59)?
21
Evaluate 7 - (3 - (0 + 3)) - (-2 - 3).
12
What is 20 + -1 - (307 - 287) - -27?
26
Evaluate -18 - -16 - (-15 + 7) - (5 + -1).
2
Calculate -7 - (4 - (3 + (3 - 8) + 5)).
-8
(26 - (16 + 50)) + (-3 - (1 + -9))
-35
What is -14 + 3 + 12 - -1?
2
What is the value of -2 + -8 - (-65 + 62)?
-7
What is the value of (16 - 24) + 3 + 0?
-5
-9 + 6 + 7 + -12 + 1
-7
What is the value of -8 - (4 + -3) - (1 + -2 + 6)?
-14
Evaluate 8 - -1 - (-85 - -103) - -17.
8
Evaluate (6 - 1) + -4 - (-17 - (-17 - -16)).
17
What is (-34 - (-17 + 44)) + 36?
-25
Evaluate -8 + 6 + 3 + -3.
-2
261 + -247 + (-1 - -7) - -5
25
Evaluate (0 - (-1 - 11)) + -73 + 63.
2
24 - (3 + (-10 - 0) + 78 + -73)
26
Evaluate -3 - (13 + (25 - 48) - (-15 + 0)).
-8
What is the value of 1 - -3 - (14 + 0 + -23 + 10)?
3
Calculate -6 + -5 + -2 + 5 + -2.
-10
(-14 - (27 + -42)) + 29
30
737 + -738 + (-2 - (-1 - -2 - 12))
8
188 + -158 + (0 - 25)
5
What is the value of -3 - (1 + 1 + (103 - 122))?
14
What is -5 - (-15 - -9) - (13 - 1)?
-11
What is (-9 - (-26 + 5)) + (-2 - 1)?
9
Evaluate (-11 - 1) + -2 + 4 + -207 + 216.
-1
What is the value of 3 - 0 - ((-5 - -6) + -12 - 15)?
29
What is the value of 847 - 864 - (0 - 41)?
24
(1 + -10 - 3) + 29 + -9
8
(149 + -150 - (2 + (1 - -2))) + 13
7
Calculate -41 + -3 + 33 + 0 + 1.
-10
(3 + -6 - -3) + (133 - 142)
-9
What is the value of (21 + -4 - 4) + (-24 - -5) + 10?
4
Calculate 1 - (-4 - (0 + -7 + 6)).
4
What is -2 - -4 - 1 - 3 - (42 - 50)?
6
Calculate 5 + 2 + -11 + 3 + (22 - 3).
18
-13 + 11 - (-5 + (5 - (11 - 7)))
2
Evaluate 7 + -16 + 1 + 12 + -16.
-12
What is the value of (303 - 338) + 28 + -1?
-8
Evaluate (21 - 13) + 38 - 31.
15
Evaluate -13 - -13 - ((-4 - 0) + (7 - 0)).
-3
Evaluate -10 - (9 + 7 + -40 + 27).
-13
What is the value of 7 + (1 + 13 - 6) + -16?
-1
Calculate 9 + 0 - 0 - (-14 + -13 - -42).
-6
What is the value of (-125 - -85) + 26 + 4?
-10
Evaluate 1 + (-30 - -35) + (-3 - (35 - 0)).
-32
Evaluate (0 + 5 - 10) + -6 + 1.
-10
Calculate -6 + 14 - -16 - 12.
12
What is -203 + 204 + 5 + 0 + -1?
5
-26 + -16 + 16 - -23
-3
What is the value of 4 + (2 - 5) - -4 - (-5 - -1)?
9
What is the value of 4 - (4 + (-10 - (-6 + 5)))?
9
What is the value of 2 + (-7 - ((-6 - -8) + -3 + -19))?
15
What is 9 + (6 - 12) + -2 + -2 + 6?
5
What is -18 + 1 - (11 + (-9 - 7))?
-12
What is 0 - -13 - (-76 + 77)?
12
What is the value of -13 + 7 - 3 - -20?
11
Calculate 28 + (-2 + -3 - 1).
22
Evaluate -20 + (1 - (0 + (0 - -3) - 10)).
-12
What is the value of (-15 - -32) + (36 - 33)?
20
Calculate (-37 - -49) + (1 - 2).
11
Evaluate -1 + ((5 - (-1 + -3)) + -3 - -1).
6
What is (3 - 7) + (10 - -2)?
8
14 + (11 + -7 - 13)
5
What is 2 + -17 + 16 + 4?
5
((-47 - -9) + 11 - -7) + 10
-10
17 + 8 + -22 - -11
14
Evaluate -7 + -1 + -1 - (-2 + -15).
8
Evaluate (-7 + 6 + -2 - -9) + (-13 - -2).
-5
What is -2 - 0 - (-28 + 2 + (-12 - -25))?
11
0 + 3 - (5 + 1 - 8)
5
Evaluate (17 - 10 - (-2 - -13)) + -1.
-5
Calculate 9 + (11 - 3) + -7 + -3 - 4.
3
What is the value of -22 + (14 - 14) + 7 + -3?
-18
What is the value of 12 + (0 + -14 - -17) + 10?
25
What is -314 + 338 - (16 - 1) - (13 - 3)?
-1
(-23 - (21 - 48)) + (6 - -7)
17
What is the value of -105 - -101 - (-3 - 0)?
-1
-7 + -2 - 3 - (93 + -96)
-9
Evaluate (-3 - -8) + (24 - 30 - 7).
-8
Calculate -5 + -23 + 25 + (-2 - -4).
-1
What is the value of 76 + -67 + -5 + 3?
7
Evaluate -55 + 51 + (0 - 5) + 14.
5
Evaluate 92 + -107 - (5 - (-5 - -44)).
19
11 + -7 + -15 - (-5 - 0)
-6
Evaluate 1 + -1 + (6 + (-2 - 7) - 2).
-5
Evaluate 46 + -38 - (1 - -1 - -7).
-1
2 - 12 - (4 - (7 + -5))
-12
Calculate -13 - (-12 - -14 - -7 - 2).
-20
Evaluate 12 + -53 + 28 - (-8 - -1).
-6
5 - (33 - -3 - 4)
-27
What is the value of (5 + 31 - 4) + -5 + -10 + 4?
21
What is the value of 17 - ((23 - 13) + 8)?
-1
(-23 - -54) + 0 - 48
-17
Evaluate 23 + -6 + (-2 + -41 - -16).
-10
6 + 0 - (13 + 11 + -12)
-6
What is -127 - -86 - (-3 + -13)?
-25
What is 19 + -15 + -16 + -4 - -1?
-15
Evaluate 7 - (10 - (-18 - -8)).
-13
What is the value of (9 - 1 - 23) + 2?
-13
Evaluate (-5 - 4) + -3 + 30 - -9.
27
8 + (14 - (-7 - (-24 + 4 + 6)))
15
What is 19 + -1 - (-46 - (17 + -74))?
7
Calculate (-46 - -18) + (-2 - -10).
-20
What is (0 + -2 + (-4 - -4) - 13) + 6?
-9
Evaluate -2 + -3 + 1 + (11 - (-13 + 26)).
-6
((-7 - -4 - 3) + 11 - 4) + -4
-3
36 + -38 + -2 + (0 - 2) + 0
-6
Calculate (6 - ((8 - (5 - 1)) + -1)) + 2.
5
Evaluate (-104 - -67 - (-17 + 0)) + (8 - -1).
-11
What is (25 - -10) + -56 - (-4 + -2)?
-15
(13 - 26 - -10) + -18
-21
(5 - 6 - 1 - 2) + 9
5
Calculate 0 + -28 + (0 - 3) + -3 + 11.
-23
What is the value of 45 + -42 + 17 + -35?
-15
Evaluate (198 - 193) + 19 + 5.
29
Calculate -4 - ((-5 + 1 - (49 + -51)) + -14).
12
What is -25 - (3 + 10 + -46)?
8
-7 + 20 - ((-13 - -3) + 19)
4
What is 5 + -5 + 3 + 0 - (-15 + 4)?
14
What is the value of 8 + (-1 - (3 - 2)) + 1 + -6?
1
What is -13 + 8 + -14 - ((4 - 13) + 19)?
-29
Evaluate 3 + (-1 + 7 + -3 + 3 - -9).
18
Calculate -1 + (9 + 1 - (-57 + 57)).
9
Evaluate (104 + -103 - (2 + 4)) + 0 + -3.
-8
Evaluate (-3 + 2 - (-16 - -4)) + -10 + 8.
9
Calculate 7 - (-14 - -15) - (-1 - -2).
5
Calculate -4 - ((34 - 41) + (2 + -5 - 0)).
6
-3 + 13 - (-1 - 0)
11
What is -2 + -10 + (-14 - 3) + 24?
-5
(0 - -8 - 0) + 12 + (-85 - -99)
34
Calculate (69 + -34 - (8 - -1)) + 3.
29
Evaluate -1 + (-2 - -13) + 7 - (2 + 1).
14
What is the value of 27 - (4 - (-5 - (0 - 9)) - 11)?
38
What is 11 + (-47 + (-9 - -15) - -11)?
-19
What is 8 + (3 - (0 + -3) - 32)?
-18
5 - (5 + (-5 - -2) + 0 + -4)
7
What is (33 - 20) + (-10 - 2)?
1
What is (-136 -